 a factor of 87932?
True
Is 27 a factor of 621?
True
Is 584 a multiple of 33?
False
Is 640 a multiple of 32?
True
Is 4 a factor of 148?
True
Is 2953 a multiple of 19?
False
Does 11 divide 154?
True
Does 15 divide 5715?
True
Is 59 a factor of 34680?
False
Is 6 a factor of 1540?
False
Does 43 divide 946?
True
Is 88 a multiple of 8?
True
Is 3600 a multiple of 12?
True
Is 10 a factor of 1220?
True
Does 3 divide 609?
True
Is 6 a factor of 346?
False
Does 12 divide 828?
True
Does 27 divide 1921?
False
Does 11 divide 20537?
True
Does 32 divide 8875?
False
Does 30 divide 597?
False
Is 1168 a multiple of 4?
True
Is 14988 a multiple of 11?
False
Is 5456 a multiple of 18?
False
Is 299 a factor of 65182?
True
Is 70 a factor of 4197?
False
Is 8 a factor of 838?
False
Is 21 a factor of 1333?
False
Is 17 a factor of 9435?
True
Is 8055 a multiple of 15?
True
Does 65 divide 7102?
False
Is 12 a factor of 4126?
False
Is 196 a factor of 3136?
True
Is 52 a factor of 713?
False
Is 26 a factor of 4341?
False
Does 4 divide 212?
True
Is 22 a factor of 5786?
True
Is 9044 a multiple of 206?
False
Does 11 divide 396?
True
Is 20744 a multiple of 63?
False
Is 26 a factor of 9685?
False
Is 9625 a multiple of 11?
True
Is 7712 a multiple of 19?
False
Is 115 a factor of 2875?
True
Is 37077 a multiple of 325?
False
Does 4 divide 113?
False
Is 1275 a multiple of 51?
True
Is 91 a factor of 746?
False
Is 10 a factor of 80?
True
Is 3316 a multiple of 54?
False
Does 91 divide 66851?
False
Is 3232 a multiple of 16?
True
Does 11 divide 1055?
False
Is 69 a factor of 3430?
False
Is 10 a factor of 1300?
True
Is 13673 a multiple of 11?
True
Is 1887 a multiple of 17?
True
Does 14 divide 22162?
True
Does 3 divide 201?
True
Does 29 divide 11107?
True
Does 14 divide 98?
True
Is 936 a multiple of 12?
True
Does 17 divide 153?
True
Is 63 a multiple of 7?
True
Does 51 divide 204?
True
Is 7527 a multiple of 110?
False
Is 44 a factor of 1146?
False
Is 6057 a multiple of 10?
False
Does 45 divide 127350?
True
Is 165 a multiple of 5?
True
Is 75 a factor of 26674?
False
Is 1439 even?
False
Is 23 a factor of 6702?
False
Is 38880 a multiple of 27?
True
Does 13 divide 650?
True
Does 89 divide 33536?
False
Is 19 a factor of 43643?
True
Is 2 a factor of 751?
False
Is 27801 a multiple of 13?
False
Is 1206 a multiple of 9?
True
Is 77 a factor of 21838?
False
Does 2 divide 1311?
False
Does 22 divide 550?
True
Does 122 divide 6588?
True
Is 125 a factor of 3790?
False
Does 15 divide 4876?
False
Is 96068 a multiple of 15?
False
Does 12 divide 4895?
False
Does 21 divide 14713?
False
Is 29 a multiple of 21?
False
Is 3369 a multiple of 14?
False
Does 8 divide 2529?
False
Is 92 a factor of 1012?
True
Does 18 divide 2628?
True
Does 4 divide 2137?
False
Is 6 a factor of 10164?
True
Is 550 a multiple of 17?
False
Is 6230 a multiple of 26?
False
Does 27 divide 17424?
False
Is 46 a factor of 675?
False
Is 334 a multiple of 13?
False
Is 884 a multiple of 26?
True
Does 7 divide 2275?
True
Does 8 divide 806?
False
Does 10 divide 32362?
False
Is 20355 a multiple of 5?
True
Does 34 divide 1445?
False
Is 54 a factor of 6786?
False
Does 8 divide 31000?
True
Does 103 divide 45011?
True
Does 8 divide 42?
False
Does 4 divide 9595?
False
Does 11 divide 600?
False
Is 2736 a multiple of 19?
True
Is 90762 a multiple of 23?
False
Does 20 divide 6532?
False
Is 28 a factor of 60025?
False
Does 117 divide 2340?
True
Does 14 divide 574?
True
Does 37 divide 241?
False
Does 14 divide 1133?
False
Does 29 divide 3596?
True
Is 8 a factor of 1144?
True
Does 20 divide 11500?
True
Does 53 divide 1325?
True
Is 125 a factor of 26875?
True
Is 38 a factor of 3078?
True
Does 5 divide 6309?
False
Is 2465 a multiple of 150?
False
Does 3 divide 2316?
True
Is 1848 a multiple of 28?
True
Is 17 a factor of 2975?
True
Is 9 a factor of 517?
False
Does 53 divide 377?
False
Does 86 divide 291?
False
Does 12 divide 2453?
False
Does 18 divide 13438?
False
Is 1075 a multiple of 19?
False
Is 2068 a multiple of 162?
False
Does 4 divide 384?
True
Is 7119 a multiple of 9?
True
Is 2565 a multiple of 50?
False
Is 24 a factor of 493?
False
Does 26 divide 1196?
True
Is 770 a multiple of 22?
True
Is 34895 a multiple of 37?
False
Is 101901 a multiple of 9?
False
Is 3731 a multiple of 13?
True
Is 988 a multiple of 16?
False
Does 17 divide 5661?
True
Does 37 divide 1665?
True
Is 2847 a multiple of 13?
True
Is 1794 a multiple of 13?
True
Does 106 divide 1366?
False
Does 27 divide 2302?
False
Is 2609 a multiple of 90?
False
Is 270 a multiple of 4?
False
Does 18 divide 702?
True
Is 64 a factor of 1038?
False
Is 8 a factor of 504?
True
Is 5291 a multiple of 69?
False
Is 4 a factor of 795?
False
Is 2328 a multiple of 24?
True
Is 256 a multiple of 16?
True
Does 22 divide 7238?
True
Is 80 a factor of 2119?
False
Is 42911 a multiple of 198?
False
Does 116 divide 1856?
True
Is 112 a multiple of 10?
False
Does 8 divide 544?
True
Does 9 divide 513?
True
Is 475 a multiple of 19?
True
Is 22032 a multiple of 204?
True
Is 69 even?
False
Does 49 divide 69677?
False
Is 152 a multiple of 6?
False
Does 8 divide 24246?
False
Is 61 a factor of 3344?
False
Does 25 divide 100?
True
Is 72 a factor of 3833?
False
Is 511 a multiple of 7?
True
Is 12 a factor of 3697?
False
Does 186 divide 16216?
False
Does 40 divide 720?
True
Is 58 a factor of 7309?
False
Is 6 a factor of 32?
False
Is 16 a factor of 94?
False
Does 87 divide 1566?
True
Does 6 divide 1613?
False
Is 7998 a multiple of 62?
True
Is 18 a factor of 621?
False
Is 84688 a multiple of 16?
True
Is 18 a factor of 2344?
False
Is 4 a factor of 1892?
True
Is 62 a factor of 12268?
False
Is 716 a multiple of 4?
True
Is 1835 a multiple of 4?
False
Does 44 divide 1012?
True
Is 18 a factor of 864?
True
Does 86 divide 9047?
False
Is 13 a factor of 3787?
False
Is 4 a factor of 6857?
False
Is 491 a multiple of 6?
False
Is 4 a factor of 688?
True
Is 10714 even?
True
Is 368 a multiple of 22?
False
Does 35 divide 50085?
True
Does 24 divide 3449?
False
Is 50 a factor of 16111?
False
Does 28 divide 2100?
True
Is 8833 a multiple of 11?
True
Is 1427 a multiple of 3?
False
Does 40 divide 4160?
True
Is 12 a factor of 18405?
False
Is 30 a factor of 3150?
True
Is 3 a factor of 348?
True
Is 1020 a multiple of 15?
True
Does 14 divide 2927?
False
Does 121 divide 15488?
True
Is 6966 a multiple of 43?
True
Is 14 a factor of 5334?
True
Is 23 a factor of 4708?
False
Does 106 divide 1942?
False
Is 26 a factor of 35403?
False
Does 49 divide 3209?
False
Is 113 a multiple of 5?
False
Is 4654 a multiple of 88?
False
Is 18 a factor of 10440?
True
Is 5548 a multiple of 7?
False
Does 26 divide 17550?
True
Is 77 a factor of 77?
True
Does 10 divide 1080?
True
Does 5 divide 235?
True
Is 17362 a multiple of 88?
False
Is 941 a multiple of 55?
False
Is 19 a factor of 3710?
False
Does 100 divide 8907?
False
Is 88 a factor of 3344?
True
Does 12 divide 2736?
True
Is 1975 even?
False
Is 384 a multiple of 16?
True
Is 1015 a multiple of 155?
False
Is 2 a factor of 636?
True
Is 346 a factor of 22557?
False
Is 285 a multiple of 5?
True
Is 43571 a multiple of 118?
False
Is 2511 a multiple of 69?
False
Is 611 a multiple of 13?
True
Is 1590 a multiple of 7?
False
Is 66 a factor of 1135?
False
Is 49 a factor of 784?
True
Is 14 a factor of 75?
False
Is 64 a factor of 1093?
False
Is 534 a multiple of 9?
False
Is 1160 a multiple of 10?
True
Is 295 a multiple of 8?
False
Does 42 divide 420?
True
Does 5 divide 62?
False
Is 442 a multiple of 12?
False
Is 112167 a multiple of 103?
True
Is 10 a factor of 27250?
True
Is 1002 a multiple of 73?
False
Is 7550 a multiple of 50?
True
Does 25 divide 2297?
False
Is 28 a factor of 340?
False
Does 38 divide 18886?
True
Is 2762 a multiple of 6?
False
Is 1876 a multiple of 30?
False
Is 805 a multiple of 7?
True
Is 439 a multiple of 52?
False
Is 41 a factor of 3876?
False
Does 82 divide 11215?
False
Is 5930 a multiple of 35?
False
Is 47 a factor of 32477?
True
Does 18 divide 1206?
True
Is 90 a factor of 540?
True
Is 42 a factor of 176?
False
Is 17 a factor of 2837?
False
Does 55 divide 1980?
True
Is 457 a multiple of 2?
False
Is 10315 a multiple of 28?
False
Is 38 a factor of 1170?
False
Is 31 a factor of 25651?
False
Is 20 a factor of 4718?
False
Is 28 a factor of 420